- -5. Suppose 3*l = -4*f + 3 + 32, g = 2*f + 4*l - 20. Let i = -6 - -29. Calculate the remainder when i is divided by f.
7
Suppose -2*j - j = q - 32, 0 = -3*j - 4*q + 29. Let a(g) = 4*g**2 - 9*g + 14. What is the remainder when a(4) is divided by j?
9
Suppose 0 = -2*r + 7*r. Suppose -4*h + w + 5 = r, 4*h - w - 11 = -2*w. Let m = 2 + 0. Calculate the remainder when h is divided by m.
0
Let s = 29 - 20. Suppose -y - 2*k + 8 = 3*y, -3*y = 3*k - s. Suppose i + 6 = 5*u, 3*u - 4*i - 8 = i. What is the remainder when y is divided by u?
0
Let j(w) = -w**3 - 5*w**2 + 6*w - 8. Let m be j(-6). What is the remainder when 5 is divided by m/(-6) + 6/9?
1
Let z = 64 + -33. Let o(r) = -r**3 - 4*r**2 + 2*r - 4. Let b be (8 - (-5 - -3))/(-2). What is the remainder when z is divided by o(b)?
9
Suppose b + 43 = -0*y + 2*y, -72 = -3*y - b. What is the remainder when 68 is divided by y?
22
Suppose 0 = -4*l + 3*l + 47. Let s(b) = -4*b**2 + 3. Let q be s(-3). Let y = -21 - q. Calculate the remainder when l is divided by y.
11
Let m be 3/1 - (0 - 1). Let x(n) = -3*n - 2. Let j be x(-2). Suppose m*q - 8 - j = 0. What is the remainder when 4 is divided by q?
1
Suppose -g = 5*x - 53 - 7, -4*x + 2*g = -34. Let j = x + -8. Calculate the remainder when j is divided by 2.
1
Let r(v) = -11*v**3 - v**2 - v. Calculate the remainder when 19 is divided by r(-1).
8
Suppose -12*p + 18*p = 372. What is the remainder when p is divided by 2?
0
Let u(s) = s. Let x be u(8). Let j = 0 + 0. Calculate the remainder when 14 is divided by x/((1 - j) + 0).
6
Suppose 5*v = h + 45, 0 = -v - h - 1 + 4. Let l(m) = -m**3 + 5*m**2 - 4*m - 1. Calculate the remainder when v is divided by l(3).
3
Suppose -118*o = -121*o + 24. Calculate the remainder when 28 is divided by o.
4
Suppose -u = -3*r + 5, -5*r - 3*u = -2 - 11. Suppose -2*g = -5*o - r - 53, 4*g = -4*o + 96. What is the remainder when g is divided by 9?
7
What is the remainder when 178 is divided by 1937/65 + (-1)/(-5)?
28
Suppose -3*h + 6*h = 21. Calculate the remainder when 19 is divided by h.
5
Let j(y) = 23*y**2 + 5*y - 2. Let a(b) = -11*b**2 - 3*b + 1. Let d(p) = 5*a(p) + 3*j(p). What is the remainder when d(1) is divided by 8?
5
Let u(c) = 6*c - 17. Calculate the remainder when 51 is divided by u(6).
13
Let l = -36 + 50. Suppose 5*m + 0 = -3*r + 5, m - 2*r = l. What is the remainder when 32 is divided by m + 9 + (0 - 2)?
10
Let f = 17 + -7. Calculate the remainder when 2/f + (-14)/(-5) is divided by 1.
0
Let q(w) = w + 5. Let b = -10 + 14. Calculate the remainder when q(b) is divided by 5.
4
Let s = -12 + 148. What is the remainder when 21 is divided by (-18)/99 - s/(-22)?
3
Suppose -j + 27 = 5*v, 5*v + 3 - 26 = j. Suppose 0*h + v*h = 305. Calculate the remainder when h is divided by 21.
19
Suppose -i - 2 = -3*t, -2*t - 1 = -5*i + 2. What is the remainder when 2 is divided by t/3 - (-8)/12?
0
Suppose 3*a - 30 = 2*a + 5*r, -52 = -4*a + 3*r. Calculate the remainder when 17 is divided by 88/a + 1/5.
8
Let s = -294 - -483. Suppose -3*c + 3*b = -0*b - s, -2*c = 3*b - 106. What is the remainder when c is divided by 15?
14
Let d(q) = -q + 5. Let k be d(0). Suppose -k*x = -z + 9, 5*z - 4*x = -5*x + 71. What is the remainder when z is divided by 8?
6
Let j(t) = -t**3 + 11*t**2 + 7*t + 57. Calculate the remainder when j(11) is divided by 36.
26
Suppose 9*u - 145 = 4*u. Let p(y) = -y + 10. Calculate the remainder when u is divided by p(0).
9
Suppose m = 4*a + 42, 4*m - 84 = -a - 4*a. Suppose -9 - 5 = -2*g. Calculate the remainder when m is divided by g.
5
Suppose 4*r - 11 - 13 = 0. What is the remainder when 30 is divided by r + 1 + (-2)/(-2)?
6
Suppose 0*b - 6 = -3*b. Suppose 3*y - 2 = u + 1, b*y = -2*u + 10. Let r = 8 + -1. Calculate the remainder when r is divided by u.
1
Suppose 3*g - 132 = 21. Calculate the remainder when g is divided by 13.
12
Let b = 39 + -34. What is the remainder when 17 is divided by b?
2
Let r(x) = x**2 + 9*x + 8. Let y be r(-7). Let o(p) = 0*p - 5*p + 2*p - p**2 - 6 - 5*p. What is the remainder when o(y) is divided by 4?
2
Let l(y) = -y + 3 + 0 - 9. Let o be l(-9). Suppose 48 = -0*p + o*p. Calculate the remainder when 46 is divided by p.
14
Let x be (-18)/(-8)*(-8)/(-3). Suppose -x = -4*v - 3*q - 0*q, 0 = -2*v - 2*q + 4. Suppose 1 = b - v. What is the remainder when 1 is divided by b?
0
Suppose -4*p + 19 = -177. Calculate the remainder when p is divided by 13.
10
Let z = -12 + 19. Let b(j) = 36*j - 3. Let k be b(-2). What is the remainder when z is divided by (-2)/14 + k/(-35)?
1
Let z = -4 - -3. Calculate the remainder when z + 3 + 15/5 is divided by 3.
2
Let o = -3 + 20. Let z = -5 + o. Calculate the remainder when 22 is divided by z.
10
Suppose -7 - 7 = -3*q - 2*w, 5*w = -5*q + 15. Let n(t) = -t - 3. Let b be n(5). Let h = 6 - b. Calculate the remainder when h is divided by q.
6
Suppose 17*r - 18*r + 3 = 0. What is the remainder when 10 is divided by r?
1
Let r = 116 - 62. Calculate the remainder when r is divided by 28.
26
Suppose 3*p + 12 = 267. What is the remainder when p is divided by 22?
19
Let z be 1*(-3)/2*-2. Let l(b) = 2*b**2 - b - 1. Let a be l(-2). Suppose -a = -4*m + z. What is the remainder when 7 is divided by m?
1
Let c(x) = 16*x - 16. What is the remainder when 56 is divided by c(2)?
8
Suppose 0 = 6*p - 3*p - 21. Let d = -24 + 1. What is the remainder when (-1)/((-3)/(-9)) - d is divided by p?
6
Let p be -2 + 2 - (1 + 12). Suppose 0 = -5*j - 4*f - 34, -j = 3*f - 2*f + 7. Let v = j - p. What is the remainder when 12 is divided by v?
5
Suppose 5*x + 10 = -5*u, -2*u - 3*u - 34 = -3*x. Let k = -1 - u. Let v = k - 3. What is the remainder when 1 is divided by v?
0
What is the remainder when 27 is divided by (-3)/9*1*-42?
13
Suppose 5*k - 5*j + 10 = 0, 0 = -k - 4*j + 7*j - 4. What is the remainder when 38 is divided by 1/(1*k/(-10))?
8
Let m be (-93)/(-9) + 2/(-6). Suppose -3*d - 1 = -4*v + 12, -3*d = -v + m. What is the remainder when 26 is divided by (2/(-5))/(d/105)?
12
Calculate the remainder when 10 is divided by -2 - ((-96)/4)/4.
2
Let f(g) = -6*g + 2. Suppose -1 = q - 3. Let p be f(q). Calculate the remainder when p/(-4 + (-2 - -4)) is divided by 3.
2
Suppose -38 - 302 = 5*z. Let u = -46 - z. What is the remainder when 65 is divided by u?
21
Let v(h) = 52*h**2 - h. Suppose 3*z - 3 = 2*z, 2*r - 5*z = -13. Let c(i) = 12*i**3 + 2*i - 1. What is the remainder when v(1) is divided by c(r)?
12
Let h(d) = -12*d - 2. Calculate the remainder when h(-6) is divided by (8/(-2) - -3)*-18.
16
Let d(j) = j**2 + 2*j - 1. Let b be d(-2). Let c = b - -4. What is the remainder when c is divided by 2?
1
Suppose -25 = -k + 8. Let u(s) = -s**2 - 7*s + 4. Let x be u(-6). Let n = x - -7. What is the remainder when k is divided by n?
16
Let i(g) = -g**3 + 20*g**2 - 17*g - 22. What is the remainder when 58 is divided by i(19)?
10
Let x(b) = 2*b - 3. What is the remainder when 4 is divided by x(3)?
1
Suppose -3*w - c = -25, -3*w - c - 35 = -6*w. What is the remainder when (-72)/(-15)*(-30)/(-4) is divided by w?
6
Suppose -5*q - 5*d - 5 = 0, 4*d + 4 + 14 = 3*q. Let b(o) = -7*o**2 + 6*o**q - 1 + 4 - 6*o. What is the remainder when 22 is divided by b(-5)?
6
Let u be 0/(1 - 2/(-2)). Suppose -3*g + 6*g - 42 = u. What is the remainder when (-4)/g + (-205)/(-7) is divided by 10?
9
Let i(t) = 4*t**3 - 2*t**2 + t. Let r be (1/(-3))/((-2)/6). Suppose -6*m = 3*w - 4*m - 21, 0 = w + m - 7. Calculate the remainder when w is divided by i(r).
1
Let s = 50 + -43. What is the remainder when s is divided by 4?
3
Let d be 568/(-6) - (-2)/3. What is the remainder when 21 is divided by (-3)/(-18) + d/(-12)?
5
Calculate the remainder when 73 is divided by (1*-7)/(10/(-30)).
10
Let n = -6 - -11. Suppose 0 = 3*u - n*u + 20. Suppose -3*q = 2*q - 30. Calculate the remainder when u is divided by q.
4
Let r be (3/(-3))/(1/5). Let n(z) = -2*z - 7. Let y be n(r). Suppose -y*o - 14 = -4*o. What is the remainder when 26 is divided by o?
12
Let r(s) = s**3 + 7*s**2 - 13*s - 11. Calculate the remainder when r(-8) is divided by 5.
4
Let x(a) = 3*a**3 - 2*a + 3. Let y(o) = o**2 - 3*o + 2. Let f be y(3). What is the remainder when x(f) is divided by 13?
10
Let p be 2*(-2)/4 - 89. Let f = -52 - p. Suppose -5*s = -56 - 9. Calculate the remainder when f is div